ivided by 6?
4
What is the remainder when 484 is divided by 12?
4
What is the remainder when 69 is divided by 16?
5
Calculate the remainder when 988 is divided by 334.
320
What is the remainder when 967 is divided by 323?
321
Calculate the remainder when 830 is divided by 22.
16
Calculate the remainder when 64 is divided by 44.
20
Calculate the remainder when 144 is divided by 21.
18
Calculate the remainder when 303 is divided by 8.
7
Calculate the remainder when 273 is divided by 32.
17
What is the remainder when 246 is divided by 77?
15
Calculate the remainder when 289 is divided by 30.
19
What is the remainder when 1614 is divided by 136?
118
Calculate the remainder when 220 is divided by 87.
46
What is the remainder when 639 is divided by 92?
87
Calculate the remainder when 107 is divided by 37.
33
Calculate the remainder when 104 is divided by 6.
2
What is the remainder when 113 is divided by 23?
21
Calculate the remainder when 203 is divided by 148.
55
What is the remainder when 1422 is divided by 57?
54
What is the remainder when 147 is divided by 17?
11
What is the remainder when 109 is divided by 10?
9
What is the remainder when 1578 is divided by 93?
90
What is the remainder when 153 is divided by 140?
13
What is the remainder when 388 is divided by 10?
8
Calculate the remainder when 893 is divided by 36.
29
Calculate the remainder when 129 is divided by 11.
8
Calculate the remainder when 513 is divided by 43.
40
What is the remainder when 1718 is divided by 74?
16
What is the remainder when 180 is divided by 46?
42
Calculate the remainder when 165 is divided by 37.
17
What is the remainder when 579 is divided by 10?
9
What is the remainder when 195 is divided by 7?
6
What is the remainder when 926 is divided by 8?
6
Calculate the remainder when 4697 is divided by 6.
5
What is the remainder when 5846 is divided by 86?
84
Calculate the remainder when 876 is divided by 411.
54
Calculate the remainder when 75 is divided by 39.
36
Calculate the remainder when 154 is divided by 5.
4
What is the remainder when 310 is divided by 45?
40
Calculate the remainder when 2083 is divided by 233.
219
Calculate the remainder when 189 is divided by 29.
15
What is the remainder when 411 is divided by 18?
15
Calculate the remainder when 714 is divided by 12.
6
Calculate the remainder when 12295 is divided by 143.
140
What is the remainder when 179 is divided by 9?
8
What is the remainder when 1999 is divided by 996?
7
Calculate the remainder when 67 is divided by 6.
1
What is the remainder when 25036 is divided by 39?
37
Calculate the remainder when 104 is divided by 41.
22
Calculate the remainder when 240 is divided by 237.
3
Calculate the remainder when 331 is divided by 27.
7
Calculate the remainder when 175 is divided by 91.
84
Calculate the remainder when 27 is divided by 14.
13
Calculate the remainder when 297 is divided by 23.
21
Calculate the remainder when 260 is divided by 34.
22
What is the remainder when 606 is divided by 15?
6
Calculate the remainder when 100 is divided by 11.
1
What is the remainder when 957 is divided by 69?
60
Calculate the remainder when 5147 is divided by 78.
77
What is the remainder when 943 is divided by 68?
59
Calculate the remainder when 34 is divided by 19.
15
What is the remainder when 157 is divided by 16?
13
Calculate the remainder when 4966 is divided by 71.
67
Calculate the remainder when 285 is divided by 58.
53
Calculate the remainder when 317 is divided by 95.
32
Calculate the remainder when 14 is divided by 10.
4
Calculate the remainder when 501 is divided by 42.
39
What is the remainder when 234 is divided by 47?
46
Calculate the remainder when 74 is divided by 28.
18
Calculate the remainder when 98 is divided by 26.
20
Calculate the remainder when 1587 is divided by 64.
51
What is the remainder when 3726 is divided by 113?
110
What is the remainder when 18 is divided by 8?
2
Calculate the remainder when 2878 is divided by 12.
10
What is the remainder when 1154 is divided by 54?
20
What is the remainder when 193 is divided by 66?
61
What is the remainder when 1157 is divided by 166?
161
What is the remainder when 1148 is divided by 50?
48
What is the remainder when 33 is divided by 7?
5
Calculate the remainder when 295 is divided by 104.
87
Calculate the remainder when 424 is divided by 149.
126
What is the remainder when 222 is divided by 70?
12
What is the remainder when 2046 is divided by 41?
37
What is the remainder when 7753 is divided by 165?
163
Calculate the remainder when 8 is divided by 2.
0
What is the remainder when 809 is divided by 54?
53
Calculate the remainder when 777 is divided by 26.
23
Calculate the remainder when 89 is divided by 48.
41
What is the remainder when 276 is divided by 273?
3
What is the remainder when 171 is divided by 11?
6
What is the remainder when 48 is divided by 22?
4
Calculate the remainder when 917 is divided by 302.
11
Calculate the remainder when 148 is divided by 142.
6
What is the remainder when 527 is divided by 129?
11
What is the remainder when 70 is divided by 18?
16
What is the remainder when 377 is divided by 42?
41
What is the remainder when 420 is divided by 95?
40
Calculate the remainder when 142 is divided by 23.
4
What is the remainder when 115 is divided by 10?
5
What is the remainder when 212 is divided by 57?
41
Calculate the remainder when 194 is divided by 64.
2
Calculate the remainder when 87 is divided by 80.
7
What is the remainder when 234 is divided by 80?
74
Calculate the remainder when 1897 is divided by 378.
7
Calculate the remainder when 389 is divided by 26.
25
What is the remainder when 4500 is divided by 57?
54
What is the remainder when 109 is divided by 14?
11
Calculate the remainder when 395 is divided by 9.
8
What is the remainder when 99 is divided by 71?
28
What is the remainder when 68 is divided by 45?
23
What is the remainder when 1012 is divided by 18?
4
What is the remainder when 206 is divided by 43?
34
What is the remainder when 241 is divided by 62?
55
What is the remainder when 70 is divided by 15?
10
Calculate the remainder when 769 is divided by 35.
34
What is the remainder when 992 is divided by 199?
196
What is the remainder when 368 is divided by 92?
0
What is the remainder when 8105 is divided by 6?
5
What is the remainder when 116 is divided by 42?
32
Calculate the remainder when 2025 is divided by 145.
140
What is the remainder when 342 is divided by 332?
10
What is the remainder when 20 is divided by 3?
2
What is the remainder when 35 is divided by 18?
17
What is the remainder when 6601 is divided by 43?
22
Calculate the remainder when 854 is divided by 45.
44
What is the remainder when 1691 is divided by 21?
11
What is the remainder when 187 is divided by 45?
7
What is the remainder when 108 is divided by 7?
3
Calculate the remainder when 187 is divided by 97.
90
What is the remainder when 8183 is divided by 12?
11
Calculate the remainder when 1675 is divided by 100.
75
Calculate the remainder when 5056 is divided by 14.
2
What is the remainder when 171 is divided by 29?
26
What is the remainder when 963 is divided by 21?
18
What is the remainder when 952 is divided by 9?
7
Calculate the remainder when 521 is divided by 23.
15
What is the remainder when 2530 is divided by 27?
19
What is the remainder when 463 is divided by 83?
48
Calculate the remainder when 30 is divided by 16.
14
Calculate the remainder when 366 is divided by 6.
0
What is the remainder when 161 is divided by 27?
26
What is the remainder when 132 is divided by 79?
53
What is the remainder when 812 is divided by 11?
9
What is the remainder when 1023 is divided by 54?
51
Calculate the remainder when 53 is divided by 28.
25
Calculate the remainder when 221 is divided by 15.
11
Calculate the remainder when 6211 is divided by 57.
55
What is the remainder when 51 is divided by 28?
23
Calculate the remainder when 31045 is divided by 237.
235
What is the remainder when 685 is divided by 73?
28
What is the remainder when 673 is divided by 27?
25
Calculate the remainder when 549 is divided by 46.
43
Calculate the remainder when 432 is divided by 208.
16
What is the remainder when 245 is divided by 25?
20
Calculate the remainder when 2275 is div